?
216
Calculate the highest common factor of 10203199 and 107.
107
What is the greatest common divisor of 30 and 2645939710?
10
What is the highest common factor of 148 and 5677835?
37
Calculate the highest common factor of 640 and 39067520.
640
Calculate the highest common divisor of 46 and 115119646.
46
Calculate the greatest common factor of 22771920 and 125055.
5955
Calculate the greatest common factor of 19969120 and 80.
80
What is the greatest common factor of 25172765 and 555?
185
What is the greatest common divisor of 1651321 and 3233?
53
What is the greatest common divisor of 44 and 37868?
4
Calculate the greatest common factor of 184742176 and 128.
32
Calculate the highest common factor of 6358575 and 25.
25
Calculate the greatest common factor of 2180 and 269900.
20
What is the highest common factor of 1596 and 8228577?
399
Calculate the highest common factor of 1088 and 2382656.
64
What is the highest common divisor of 10189938 and 318560?
3982
Calculate the greatest common factor of 30564 and 26964.
36
What is the greatest common factor of 113132495 and 995?
995
Calculate the highest common divisor of 122288 and 13.
1
Calculate the greatest common factor of 40691740 and 548.
548
Calculate the highest common divisor of 404080 and 4.
4
Calculate the greatest common factor of 8903 and 1595479.
307
What is the highest common divisor of 34608 and 349104?
336
What is the highest common divisor of 2001 and 39492403?
667
What is the highest common factor of 2717568 and 353176?
2696
What is the greatest common factor of 75 and 23991925?
25
What is the greatest common divisor of 310761 and 145343?
803
What is the highest common divisor of 112794 and 147081?
33
Calculate the highest common factor of 165375 and 2135295.
135
What is the greatest common divisor of 379510927 and 1399?
1399
Calculate the greatest common divisor of 2947956390 and 6795.
6795
What is the highest common factor of 10781316 and 180?
36
What is the greatest common divisor of 21 and 311386173?
21
What is the highest common factor of 9920 and 1000432?
496
Calculate the greatest common divisor of 13800 and 91103.
23
Calculate the greatest common factor of 1824 and 5976678.
114
Calculate the greatest common divisor of 1855 and 203467.
53
Calculate the highest common factor of 1125229 and 3235666.
1687
Calculate the highest common divisor of 10868 and 25835212.
988
What is the highest common divisor of 19782 and 124743094?
2198
What is the greatest common divisor of 849334839 and 387?
129
Calculate the greatest common divisor of 432 and 93900816.
432
Calculate the highest common factor of 33765974 and 22.
22
Calculate the highest common divisor of 1 and 9819535.
1
Calculate the highest common divisor of 48 and 22793880.
24
What is the greatest common factor of 159211 and 32799?
13
Calculate the highest common divisor of 326383 and 604367.
1241
What is the highest common divisor of 5484 and 1306450578?
2742
What is the greatest common factor of 424027680 and 64?
32
What is the highest common factor of 3066333 and 1710777?
4083
Calculate the greatest common divisor of 181999 and 16100253.
4439
What is the highest common factor of 52850 and 1918?
14
What is the highest common divisor of 2425761 and 624?
39
Calculate the highest common factor of 2116 and 1026421874.
1058
Calculate the greatest common factor of 2968 and 23638636.
1484
What is the highest common factor of 72312928 and 9632?
1376
Calculate the greatest common divisor of 55883817 and 8964.
2241
Calculate the highest common factor of 57294375 and 45000.
1875
What is the highest common divisor of 575 and 4707065?
115
Calculate the greatest common divisor of 2696 and 2827464.
8
What is the greatest common factor of 489856 and 425184?
1376
What is the highest common factor of 1431 and 386928?
9
What is the highest common divisor of 2320 and 12229840?
80
Calculate the greatest common factor of 524 and 225267076.
524
What is the highest common factor of 1320 and 111518760?
120
Calculate the highest common divisor of 1394334347 and 8134.
4067
What is the greatest common factor of 966469 and 35?
7
Calculate the greatest common factor of 15397120 and 391.
23
Calculate the greatest common divisor of 5348 and 39048995.
191
What is the highest common divisor of 1632974 and 1444?
38
Calculate the highest common divisor of 28913 and 3132.
29
What is the highest common divisor of 25247598 and 174?
6
What is the highest common divisor of 101062 and 3897478?
4394
Calculate the greatest common divisor of 626020 and 86445.
565
Calculate the highest common factor of 1836 and 83125206.
306
What is the greatest common factor of 319500 and 424500?
1500
What is the greatest common factor of 2834703 and 322002?
1809
Calculate the greatest common factor of 9981457 and 436.
109
Calculate the highest common factor of 297740274 and 1508.
754
What is the greatest common divisor of 108449491 and 381?
127
Calculate the greatest common divisor of 70787701 and 106.
53
What is the highest common divisor of 323871083 and 181?
181
Calculate the highest common divisor of 990 and 238249.
11
What is the highest common divisor of 102730 and 41530?
10
Calculate the highest common divisor of 3344626 and 6278.
86
What is the greatest common factor of 566247 and 165?
33
Calculate the greatest common divisor of 426764 and 111012.
116
Calculate the highest common factor of 165840 and 2843465.
3455
Calculate the greatest common factor of 740 and 10133930.
370
What is the highest common divisor of 15695680 and 2310?
770
What is the highest common factor of 7345 and 3137095?
65
What is the greatest common factor of 4479 and 14302940?
1493
What is the greatest common factor of 28 and 1482061714?
14
What is the highest common divisor of 27812038 and 2282?
326
Calculate the highest common factor of 269180946 and 162.
18
Calculate the highest common divisor of 593809 and 5542.
163
What is the greatest common factor of 5850 and 12886146?
234
Calculate the highest common factor of 13372038 and 18.
18
What is the greatest common factor of 3053 and 3045829?
71
What is the highest common factor of 1260194950 and 95?
95
What is the greatest common divisor of 59236 and 72511?
59
Calculate the highest common factor of 7803 and 3880917.
9
Calculate the greatest common divisor of 10733260 and 540.
20
What is the highest common divisor of 7265850 and 7965?
885
What is the highest common factor of 1870 and 1493110?
170
What is the highest common factor of 1390 and 74754895?
695
What is the greatest common divisor of 771677536 and 224?
224
Calculate the greatest common factor of 21754002 and 28971.
3219
What is the highest common divisor of 3575 and 360811?
11
What is the greatest common factor of 2167697 and 21?
7
Calculate the highest common factor of 9489 and 216801509.
3163
Calculate the highest common factor of 10389 and 31523689.
3463
What is the highest common factor of 8398404 and 46494?
1134
Calculate the highest common factor of 202086 and 1674894.
654
What is the greatest common factor of 19293 and 5018142?
327
Calculate the greatest common divisor of 14389784 and 88.
8
What is the highest common factor of 4756 and 640204?
116
What is the greatest common divisor of 3174660 and 126?
18
Calculate the highest common factor of 99592593 and 61368.
7671
Calculate the greatest common divisor of 60916 and 13774.
194
What is the greatest common factor of 36991 and 209963?
521
What is the highest common factor of 302472288 and 26280?
5256
What is the greatest common divisor of 36 and 40727172?
12
Calculate the highest common factor of 730 and 159070.
10
What is the greatest common divisor of 403590 and 200310?
330
What is the greatest common factor of 511250 and 205?
5
What is the highest common divisor of 67 and 9985613?
67
Calculate the greatest common factor of 70266 and 28680.
1434
What is the greatest common divisor of 721633290 and 980?
490
What is the greatest common divisor of 1340399 and 277389?
629
What is the highest common factor of 18860934 and 24?
6
Calculate the highest common factor of 60639 and 8041986.
2091
Calculate the greatest common factor of 6316821 and 35.
7
What is the greatest common divisor of 1139 and 6452971?
67
Calculate the highest common diviso